4816?
True
Is 3214233352 a multiple of 14421?
False
Does 229 divide 1611347838?
False
Is 659154691 a multiple of 29?
False
Is 4728314775 a multiple of 11265?
True
Does 27 divide 54217788?
False
Is 129371127 a multiple of 308?
False
Is 1379424920 a multiple of 355?
True
Is 944702341 a multiple of 7?
False
Is 122 a factor of 12274298?
True
Is 4 a factor of 1106213694?
False
Is 834 a factor of 3512167?
False
Is 536495096 a multiple of 72?
False
Is 21 a factor of 62897944?
False
Does 46 divide 263995609?
False
Does 171 divide 99343134?
True
Is 9448569 a multiple of 81?
True
Is 49164822 a multiple of 279?
True
Does 11 divide 51895459?
True
Does 12 divide 21336479?
False
Does 2 divide 219434692?
True
Is 1140 a factor of 1713060672?
False
Does 1490 divide 343312936?
False
Is 12682878 a multiple of 12?
False
Is 38870936 a multiple of 2119?
True
Is 995828279 a multiple of 157?
False
Is 87 a factor of 71528964?
True
Is 9 a factor of 23784444?
True
Is 58279245 a multiple of 41?
True
Does 675 divide 25875722?
False
Is 5 a factor of 276210810?
True
Is 26 a factor of 148160246?
True
Does 4781 divide 1447643771?
True
Does 832 divide 1904946614?
False
Is 298 a factor of 309000615?
False
Is 1209656791 a multiple of 81?
False
Is 664258019 a multiple of 35?
False
Does 9130 divide 266723820?
True
Is 961 a factor of 36049092?
False
Is 37 a factor of 3446735446?
False
Is 38340571 a multiple of 12?
False
Does 112 divide 103767076?
False
Does 4 divide 6329928?
True
Is 635 a factor of 29650639?
False
Does 87 divide 36732009?
True
Is 924472555 a multiple of 10?
False
Does 22 divide 9704741?
False
Is 17 a factor of 195937580?
True
Is 1006 a factor of 100192127?
False
Does 915 divide 2196088752?
False
Is 6 a factor of 53373660?
True
Is 472384332 a multiple of 54?
True
Is 354 a factor of 177838980?
True
Is 160 a factor of 103836270?
False
Is 41839070 a multiple of 85?
False
Does 67 divide 13293403?
True
Is 31 a factor of 137062811?
True
Is 14 a factor of 388531764?
False
Is 6 a factor of 33680052?
True
Does 72 divide 1147977648?
True
Is 59874887 a multiple of 348?
False
Does 21 divide 46594023?
True
Does 19 divide 181384499?
False
Does 403 divide 60582187?
False
Is 773 a factor of 3681232391?
True
Is 15484806 a multiple of 9?
True
Is 6 a factor of 1159914348?
True
Is 86 a factor of 619010542?
True
Is 2716439036 a multiple of 1229?
True
Does 644 divide 263016971?
False
Is 242 a factor of 356662131?
False
Is 35 a factor of 15939490?
True
Is 33649542 a multiple of 271?
False
Is 1964 a factor of 98376248?
False
Does 74 divide 31675187?
False
Is 26 a factor of 241242955?
False
Is 17 a factor of 10223936?
True
Is 76827881 a multiple of 3?
False
Does 349 divide 11882231?
False
Is 17 a factor of 963106230?
False
Is 51 a factor of 291328728?
True
Is 9834 a factor of 6260363736?
True
Is 7 a factor of 958165894?
True
Does 4 divide 27111224?
True
Does 742 divide 15653895?
False
Does 25 divide 31287125?
True
Is 56 a factor of 113245216?
True
Does 2015 divide 1558662950?
True
Is 1019864467 a multiple of 21?
False
Is 582988244 a multiple of 59?
False
Is 139 a factor of 19769136?
True
Is 576169752 a multiple of 409?
True
Is 2600426983 a multiple of 863?
True
Is 52932387 a multiple of 47?
True
Is 617084040 a multiple of 120?
True
Is 2846459828 a multiple of 7652?
True
Is 19 a factor of 12947493?
True
Does 830 divide 69857147?
False
Is 2783 a factor of 241966792?
False
Is 44122174 a multiple of 49?
False
Is 2202340 a multiple of 20?
True
Does 53 divide 12913524?
False
Does 34 divide 1181215539?
False
Is 14 a factor of 276936699?
False
Is 8755065 a multiple of 11?
True
Is 78833744 a multiple of 44?
True
Is 1459 a factor of 2013593089?
False
Does 108 divide 652255010?
False
Is 80 a factor of 39605343?
False
Is 14 a factor of 6490227?
False
Is 106462377 a multiple of 621?
True
Is 709 a factor of 829240019?
True
Is 1145301083 a multiple of 291?
False
Does 4 divide 855435?
False
Is 276278919 a multiple of 2?
False
Is 861548238 a multiple of 81?
True
Is 13 a factor of 19123286?
True
Is 305 a factor of 27445120?
True
Is 120 a factor of 792197374?
False
Does 1069 divide 1090089231?
False
Is 4897519679 a multiple of 13?
True
Is 3086811 a multiple of 14?
False
Does 164 divide 72695044?
False
Does 475 divide 68026780?
False
Does 25 divide 939006275?
True
Does 28 divide 2838209892?
True
Is 82 a factor of 75964144?
True
Is 116928812 a multiple of 286?
True
Is 165 a factor of 66434622?
False
Does 7 divide 20038039?
True
Is 202 a factor of 26918722?
True
Is 759 a factor of 133961223?
True
Does 11 divide 2827627?
True
Is 74512228 a multiple of 74?
True
Does 34 divide 11418026?
False
Is 417 a factor of 481086?
False
Is 343 a factor of 23293307?
False
Is 106 a factor of 4611187?
False
Is 215 a factor of 2103089150?
True
Is 131665744 a multiple of 5?
False
Is 6869016 a multiple of 539?
True
Is 73 a factor of 171485898?
False
Is 501529 a multiple of 147?
False
Is 182068894 a multiple of 14?
True
Is 42379128 a multiple of 24?
True
Does 38 divide 74314206?
True
Is 376521951 a multiple of 13?
True
Is 20 a factor of 389956542?
False
Is 28 a factor of 575051220?
False
Is 132436036 a multiple of 1046?
False
Is 279517652 a multiple of 155?
False
Is 129194396 a multiple of 325?
False
Is 7 a factor of 162191336?
False
Is 159 a factor of 77742732?
True
Is 54330396 a multiple of 146?
True
Does 38 divide 129415422?
True
Is 237 a factor of 88710522?
True
Is 13 a factor of 70007649?
False
Does 5 divide 20954025?
True
Is 77549422 a multiple of 122?
True
Is 18 a factor of 877417758?
True
Is 15877034 a multiple of 80?
False
Is 1569085239 a multiple of 7863?
True
Is 18 a factor of 86994956?
False
Does 22 divide 20316739?
False
Does 262 divide 43297596?
True
Is 23360036 a multiple of 657?
False
Does 58 divide 29652616?
True
Is 501361560 a multiple of 126?
True
Is 52132158 a multiple of 34?
False
Does 8 divide 18895900?
False
Does 250 divide 75410953?
False
Does 35 divide 286134319?
False
Is 207769952 a multiple of 1339?
True
Is 156118130 a multiple of 367?
True
Does 35 divide 314784722?
False
Is 457810798 a multiple of 1010?
False
Is 3 a factor of 11395977?
True
Is 2883 a factor of 458559211?
False
Is 17 a factor of 76292150?
False
Is 12430013 a multiple of 104?
False
Is 95 a factor of 44612622?
False
Does 366 divide 22122138?
True
Is 58 a factor of 146738437?
False
Does 22 divide 160823118?
False
Is 622523313 a multiple of 228?
False
Is 12 a factor of 1192693760?
False
Does 5682 divide 2116835857?
False
Does 198 divide 12011472?
True
Is 186063192 a multiple of 252?
True
Is 881 a factor of 719343548?
True
Is 102501424 a multiple of 67?
True
Does 757 divide 1181728323?
False
Is 109 a factor of 14690911?
True
Is 7732 a factor of 4221672?
True
Does 52 divide 36243429?
False
Is 61 a factor of 277456548?
True
Does 1071 divide 5572555?
False
Does 285 divide 1609284218?
False
Does 12 divide 223785180?
True
Is 712 a factor of 786288681?
False
Is 22 a factor of 4488374?
True
Is 108 a factor of 63912888?
True
Does 5 divide 21689660?
True
Is 20 a factor of 50684480?
True
Is 1959990413 a multiple of 197?
False
Does 66 divide 37878622?
False
Is 4319 a factor of 199684646?
True
Does 15 divide 92650117?
False
Does 3523 divide 229252179?
True
Is 9 a factor of 241437789?
True
Is 14 a factor of 4453008?
True
Is 8435 a factor of 1055969215?
True
Is 24 a factor of 697813374?
False
Does 37 divide 13311755?
False
Does 1022 divide 303316314?
True
Is 55077872 a multiple of 1018?
True
Does 1224 divide 599916358?
False
Does 100 divide 41935500?
True
Does 63 divide 390784708?
False
Does 575 divide 128031800?
True
Is 338655922 a multiple of 22?
True
Is 1519 a factor of 27484786?
True
Is 242 a factor of 25567542?
True
Is 24157131 a multiple of 343?
False
Is 1255607151 a multiple of 249?
True
Is 18714917 a multiple of 403?
True
Is 11216295 a multiple of 924?
False
Does 6008 divide 224404808?
True
Is 5204520607 a multiple of 3929?
False
Is 11 a factor of 317222246?
True
Is 590302707 a multiple of 222?
False
Is 248019214 a multiple of 386?
False
Is 2511 a factor of 213844293?
True
Is 3585456 a multiple of 56?
True
Is 1087133 a multiple of 18?
False
Is 3948 a factor of 345860592?
True
Is 55 a factor of 282918093?
False
Is 179483 a multiple of 9?
False
Is 